{"id":161,"date":"2023-07-26T08:11:18","date_gmt":"2023-07-26T11:11:18","guid":{"rendered":"http:\/\/aeaaolimpia.com.br\/site\/?post_type=tribe_events&#038;p=161"},"modified":"2023-07-26T08:11:18","modified_gmt":"2023-07-26T11:11:18","slug":"lancamento-de-coworking-do-crea-sp-e-1o-encontro-nacional-de-entidades-de-classe","status":"publish","type":"tribe_events","link":"http:\/\/aeaaolimpia.com.br\/site\/event\/lancamento-de-coworking-do-crea-sp-e-1o-encontro-nacional-de-entidades-de-classe\/","title":{"rendered":"Lan\u00e7amento de Coworking do Crea-SP e 1\u00ba Encontro Nacional de Entidades de Classe."},"content":{"rendered":"<p>A\u00a0<a class=\"x1i10hfl xjbqb8w x6umtig x1b1mbwd xaqea5y xav7gou x9f619 x1ypdohk xt0psk2 xe8uvvx xdj266r x11i5rnm xat24cr x1mh8g0r xexx8yu x4uap5 x18d9i69 xkhd6sd x16tdsg8 x1hl2dhg xggy1nq x1a2a7pz xt0b8zv x1qq9wsj xo1l8bm\" tabindex=\"0\" role=\"link\" href=\"https:\/\/www.facebook.com\/aeaaolimpia?__cft__[0]=AZWZZEu0D7Ln-LWWIdGC8jU5fugtnXbgMvBxrC3E1CWnEK80ZyDMnDgZBHYCptQAawZzu29UlDsKjVA61k7tw23vIyIarAuSpXjukbMMMso-DACtRgajk5M2QJ7BccZfM_1aF6OjmSRZXE1egBY6y4dzKc5akNXxsuaChlVEj6WTGR72dw655wtX7iStyaQhe8s&amp;__tn__=-]K-R\"><span class=\"xt0psk2\">Associa\u00e7\u00e3o dos Engenheiros, Arquitetos e Agr\u00f4nomos da Regi\u00e3o de Ol\u00edmpia<\/span><\/a>\u00a0marca presen\u00e7a atrav\u00e9s do nosso presidente\u00a0<a class=\"x1i10hfl xjbqb8w x6umtig x1b1mbwd xaqea5y xav7gou x9f619 x1ypdohk xt0psk2 xe8uvvx xdj266r x11i5rnm xat24cr x1mh8g0r xexx8yu x4uap5 x18d9i69 xkhd6sd x16tdsg8 x1hl2dhg xggy1nq x1a2a7pz xt0b8zv x1qq9wsj xo1l8bm\" tabindex=\"0\" role=\"link\" href=\"https:\/\/www.facebook.com\/paulohenrique.bossicover?__cft__[0]=AZWZZEu0D7Ln-LWWIdGC8jU5fugtnXbgMvBxrC3E1CWnEK80ZyDMnDgZBHYCptQAawZzu29UlDsKjVA61k7tw23vIyIarAuSpXjukbMMMso-DACtRgajk5M2QJ7BccZfM_1aF6OjmSRZXE1egBY6y4dzKc5akNXxsuaChlVEj6WTGR72dw655wtX7iStyaQhe8s&amp;__tn__=-]K-R\"><span class=\"xt0psk2\">Paulo Henrique Bossi Cover<\/span><\/a> no lan\u00e7amento do Coworking do Crea-SP que aconteceu durante o 1\u00ba Encontro Nacional de Entidades de Classe no ultimo dia 13 de julho.<\/p>\n<p><img decoding=\"async\" loading=\"lazy\" class=\"alignnone size-medium wp-image-149\" src=\"http:\/\/aeaaolimpia.com.br\/site\/wp-content\/uploads\/2023\/07\/1ENEC_CREASP_dia13-305-300x200.jpg\" sizes=\"(max-width: 300px) 100vw, 300px\" srcset=\"http:\/\/aeaaolimpia.com.br\/site\/wp-content\/uploads\/2023\/07\/1ENEC_CREASP_dia13-305-300x200.jpg 300w, http:\/\/aeaaolimpia.com.br\/site\/wp-content\/uploads\/2023\/07\/1ENEC_CREASP_dia13-305-1024x683.jpg 1024w, http:\/\/aeaaolimpia.com.br\/site\/wp-content\/uploads\/2023\/07\/1ENEC_CREASP_dia13-305-768x512.jpg 768w, http:\/\/aeaaolimpia.com.br\/site\/wp-content\/uploads\/2023\/07\/1ENEC_CREASP_dia13-305-1536x1024.jpg 1536w, http:\/\/aeaaolimpia.com.br\/site\/wp-content\/uploads\/2023\/07\/1ENEC_CREASP_dia13-305-2048x1365.jpg 2048w, http:\/\/aeaaolimpia.com.br\/site\/wp-content\/uploads\/2023\/07\/1ENEC_CREASP_dia13-305-272x182.jpg 272w\" alt=\"\" width=\"300\" height=\"200\" \/>\u00a0<img decoding=\"async\" loading=\"lazy\" class=\"alignnone size-medium wp-image-148\" src=\"http:\/\/aeaaolimpia.com.br\/site\/wp-content\/uploads\/2023\/07\/1ENEC_CREASP_dia13-166-300x200.jpg\" sizes=\"(max-width: 300px) 100vw, 300px\" srcset=\"http:\/\/aeaaolimpia.com.br\/site\/wp-content\/uploads\/2023\/07\/1ENEC_CREASP_dia13-166-300x200.jpg 300w, http:\/\/aeaaolimpia.com.br\/site\/wp-content\/uploads\/2023\/07\/1ENEC_CREASP_dia13-166-1024x683.jpg 1024w, http:\/\/aeaaolimpia.com.br\/site\/wp-content\/uploads\/2023\/07\/1ENEC_CREASP_dia13-166-768x512.jpg 768w, http:\/\/aeaaolimpia.com.br\/site\/wp-content\/uploads\/2023\/07\/1ENEC_CREASP_dia13-166-1536x1024.jpg 1536w, http:\/\/aeaaolimpia.com.br\/site\/wp-content\/uploads\/2023\/07\/1ENEC_CREASP_dia13-166-2048x1365.jpg 2048w, http:\/\/aeaaolimpia.com.br\/site\/wp-content\/uploads\/2023\/07\/1ENEC_CREASP_dia13-166-272x182.jpg 272w\" alt=\"\" width=\"300\" height=\"200\" \/>\u00a0<img decoding=\"async\" loading=\"lazy\" class=\"alignnone size-medium wp-image-147\" src=\"http:\/\/aeaaolimpia.com.br\/site\/wp-content\/uploads\/2023\/07\/1ENEC_CREASP_dia13-159-300x200.jpg\" sizes=\"(max-width: 300px) 100vw, 300px\" srcset=\"http:\/\/aeaaolimpia.com.br\/site\/wp-content\/uploads\/2023\/07\/1ENEC_CREASP_dia13-159-300x200.jpg 300w, http:\/\/aeaaolimpia.com.br\/site\/wp-content\/uploads\/2023\/07\/1ENEC_CREASP_dia13-159-1024x683.jpg 1024w, http:\/\/aeaaolimpia.com.br\/site\/wp-content\/uploads\/2023\/07\/1ENEC_CREASP_dia13-159-768x512.jpg 768w, http:\/\/aeaaolimpia.com.br\/site\/wp-content\/uploads\/2023\/07\/1ENEC_CREASP_dia13-159-1536x1024.jpg 1536w, http:\/\/aeaaolimpia.com.br\/site\/wp-content\/uploads\/2023\/07\/1ENEC_CREASP_dia13-159-2048x1365.jpg 2048w, http:\/\/aeaaolimpia.com.br\/site\/wp-content\/uploads\/2023\/07\/1ENEC_CREASP_dia13-159-272x182.jpg 272w\" alt=\"\" width=\"300\" height=\"200\" \/>\u00a0<img decoding=\"async\" loading=\"lazy\" class=\"alignnone size-medium wp-image-146\" src=\"http:\/\/aeaaolimpia.com.br\/site\/wp-content\/uploads\/2023\/07\/1ENEC_CREASP_dia13-148-300x200.jpg\" sizes=\"(max-width: 300px) 100vw, 300px\" srcset=\"http:\/\/aeaaolimpia.com.br\/site\/wp-content\/uploads\/2023\/07\/1ENEC_CREASP_dia13-148-300x200.jpg 300w, http:\/\/aeaaolimpia.com.br\/site\/wp-content\/uploads\/2023\/07\/1ENEC_CREASP_dia13-148-1024x683.jpg 1024w, http:\/\/aeaaolimpia.com.br\/site\/wp-content\/uploads\/2023\/07\/1ENEC_CREASP_dia13-148-768x512.jpg 768w, http:\/\/aeaaolimpia.com.br\/site\/wp-content\/uploads\/2023\/07\/1ENEC_CREASP_dia13-148-1536x1024.jpg 1536w, http:\/\/aeaaolimpia.com.br\/site\/wp-content\/uploads\/2023\/07\/1ENEC_CREASP_dia13-148-2048x1365.jpg 2048w, http:\/\/aeaaolimpia.com.br\/site\/wp-content\/uploads\/2023\/07\/1ENEC_CREASP_dia13-148-272x182.jpg 272w\" alt=\"\" width=\"300\" height=\"200\" \/><\/p>\n","protected":false},"excerpt":{"rendered":"<p>A\u00a0Associa\u00e7\u00e3o dos Engenheiros, Arquitetos e Agr\u00f4nomos da Regi\u00e3o de Ol\u00edmpia\u00a0marca presen\u00e7a atrav\u00e9s do nosso presidente\u00a0Paulo Henrique Bossi Cover no lan\u00e7amento do Coworking do Crea-SP que aconteceu durante o 1\u00ba Encontro Nacional de Entidades de Classe no ultimo dia 13 de julho. \u00a0\u00a0\u00a0<\/p>\n","protected":false},"author":2,"featured_media":0,"comment_status":"open","ping_status":"closed","template":"","meta":{"_price":"","_stock":"","_tribe_ticket_header":"","_tribe_default_ticket_provider":"","_tribe_ticket_capacity":"0","_ticket_start_date":"","_ticket_end_date":"","_tribe_ticket_show_description":"","_tribe_ticket_show_not_going":false,"_tribe_ticket_use_global_stock":"","_tribe_ticket_global_stock_level":"","_global_stock_mode":"","_global_stock_cap":"","_tribe_rsvp_for_event":"","_tribe_ticket_going_count":"","_tribe_ticket_not_going_count":"","_tribe_tickets_list":[],"_tribe_ticket_has_attendee_info_fields":false,"_tribe_events_status":"","_tribe_events_status_reason":""},"tags":[],"tribe_events_cat":[],"ticketed":false,"_links":{"self":[{"href":"http:\/\/aeaaolimpia.com.br\/site\/wp-json\/wp\/v2\/tribe_events\/161"}],"collection":[{"href":"http:\/\/aeaaolimpia.com.br\/site\/wp-json\/wp\/v2\/tribe_events"}],"about":[{"href":"http:\/\/aeaaolimpia.com.br\/site\/wp-json\/wp\/v2\/types\/tribe_events"}],"author":[{"embeddable":true,"href":"http:\/\/aeaaolimpia.com.br\/site\/wp-json\/wp\/v2\/users\/2"}],"replies":[{"embeddable":true,"href":"http:\/\/aeaaolimpia.com.br\/site\/wp-json\/wp\/v2\/comments?post=161"}],"version-history":[{"count":2,"href":"http:\/\/aeaaolimpia.com.br\/site\/wp-json\/wp\/v2\/tribe_events\/161\/revisions"}],"predecessor-version":[{"id":163,"href":"http:\/\/aeaaolimpia.com.br\/site\/wp-json\/wp\/v2\/tribe_events\/161\/revisions\/163"}],"wp:attachment":[{"href":"http:\/\/aeaaolimpia.com.br\/site\/wp-json\/wp\/v2\/media?parent=161"}],"wp:term":[{"taxonomy":"post_tag","embeddable":true,"href":"http:\/\/aeaaolimpia.com.br\/site\/wp-json\/wp\/v2\/tags?post=161"},{"taxonomy":"tribe_events_cat","embeddable":true,"href":"http:\/\/aeaaolimpia.com.br\/site\/wp-json\/wp\/v2\/tribe_events_cat?post=161"}],"curies":[{"name":"wp","href":"https:\/\/api.w.org\/{rel}","templated":true}]}}

Lançamento de Coworking do Crea-SP e 1º Encontro Nacional de Entidades de Classe.

<p>A <a class="x1i10hfl xjbqb8w x6umtig x1b1mbwd xaqea5y xav7gou x9f619 x1ypdohk xt0psk2 xe8uvvx xdj266r x11i5rnm xat24cr x1mh8g0r xexx8yu x4uap5 x18d9i69 xkhd6sd x16tdsg8 x1hl2dhg xggy1nq x1a2a7pz xt0b8zv x1qq9wsj xo1l8bm" tabindex="0" role="link" href="https://www.facebook.com/aeaaolimpia?__cft__[0]=AZWZZEu0D7Ln-LWWIdGC8jU5fugtnXbgMvBxrC3E1CWnEK80ZyDMnDgZBHYCptQAawZzu29UlDsKjVA61k7tw23vIyIarAuSpXjukbMMMso-DACtRgajk5M2QJ7BccZfM_1aF6OjmSRZXE1egBY6y4dzKc5akNXxsuaChlVEj6WTGR72dw655wtX7iStyaQhe8s&amp;__tn__=-]K-R"><span class="xt0psk2">Associação dos Engenheiros, Arquitetos e Agrônomos da Região de Olímpia</span></a> marca presença através do nosso presidente <a class="x1i10hfl xjbqb8w x6umtig x1b1mbwd xaqea5y xav7gou x9f619 x1ypdohk xt0psk2 xe8uvvx xdj266r x11i5rnm xat24cr x1mh8g0r xexx8yu x4uap5 x18d9i69 xkhd6sd x16tdsg8 x1hl2dhg xggy1nq x1a2a7pz xt0b8zv x1qq9wsj xo1l8bm" tabindex="0" role="link" href="https://www.facebook.com/paulohenrique.bossicover?__cft__[0]=AZWZZEu0D7Ln-LWWIdGC8jU5fugtnXbgMvBxrC3E1CWnEK80ZyDMnDgZBHYCptQAawZzu29UlDsKjVA61k7tw23vIyIarAuSpXjukbMMMso-DACtRgajk5M2QJ7BccZfM_1aF6OjmSRZXE1egBY6y4dzKc5akNXxsuaChlVEj6WTGR72dw655wtX7iStyaQhe8s&amp;__tn__=-]K-R"><span class="xt0psk2">Paulo Henrique Bossi Cover</span></a> no lançamento do Coworking do Crea-SP que aconteceu durante o 1º Encontro Nacional de Entidades de Classe no ultimo dia 13 de julho.</p>
<p><img decoding="async" loading="lazy" class="alignnone size-medium wp-image-149" src="http://aeaaolimpia.com.br/site/wp-content/uploads/2023/07/1ENEC_CREASP_dia13-305-300x200.jpg" sizes="(max-width: 300px) 100vw, 300px" srcset="http://aeaaolimpia.com.br/site/wp-content/uploads/2023/07/1ENEC_CREASP_dia13-305-300x200.jpg 300w, http://aeaaolimpia.com.br/site/wp-content/uploads/2023/07/1ENEC_CREASP_dia13-305-1024x683.jpg 1024w, http://aeaaolimpia.com.br/site/wp-content/uploads/2023/07/1ENEC_CREASP_dia13-305-768x512.jpg 768w, http://aeaaolimpia.com.br/site/wp-content/uploads/2023/07/1ENEC_CREASP_dia13-305-1536x1024.jpg 1536w, http://aeaaolimpia.com.br/site/wp-content/uploads/2023/07/1ENEC_CREASP_dia13-305-2048x1365.jpg 2048w, http://aeaaolimpia.com.br/site/wp-content/uploads/2023/07/1ENEC_CREASP_dia13-305-272x182.jpg 272w" alt="" width="300" height="200" /> <img decoding="async" loading="lazy" class="alignnone size-medium wp-image-148" src="http://aeaaolimpia.com.br/site/wp-content/uploads/2023/07/1ENEC_CREASP_dia13-166-300x200.jpg" sizes="(max-width: 300px) 100vw, 300px" srcset="http://aeaaolimpia.com.br/site/wp-content/uploads/2023/07/1ENEC_CREASP_dia13-166-300x200.jpg 300w, http://aeaaolimpia.com.br/site/wp-content/uploads/2023/07/1ENEC_CREASP_dia13-166-1024x683.jpg 1024w, http://aeaaolimpia.com.br/site/wp-content/uploads/2023/07/1ENEC_CREASP_dia13-166-768x512.jpg 768w, http://aeaaolimpia.com.br/site/wp-content/uploads/2023/07/1ENEC_CREASP_dia13-166-1536x1024.jpg 1536w, http://aeaaolimpia.com.br/site/wp-content/uploads/2023/07/1ENEC_CREASP_dia13-166-2048x1365.jpg 2048w, http://aeaaolimpia.com.br/site/wp-content/uploads/2023/07/1ENEC_CREASP_dia13-166-272x182.jpg 272w" alt="" width="300" height="200" /> <img decoding="async" loading="lazy" class="alignnone size-medium wp-image-147" src="http://aeaaolimpia.com.br/site/wp-content/uploads/2023/07/1ENEC_CREASP_dia13-159-300x200.jpg" sizes="(max-width: 300px) 100vw, 300px" srcset="http://aeaaolimpia.com.br/site/wp-content/uploads/2023/07/1ENEC_CREASP_dia13-159-300x200.jpg 300w, http://aeaaolimpia.com.br/site/wp-content/uploads/2023/07/1ENEC_CREASP_dia13-159-1024x683.jpg 1024w, http://aeaaolimpia.com.br/site/wp-content/uploads/2023/07/1ENEC_CREASP_dia13-159-768x512.jpg 768w, http://aeaaolimpia.com.br/site/wp-content/uploads/2023/07/1ENEC_CREASP_dia13-159-1536x1024.jpg 1536w, http://aeaaolimpia.com.br/site/wp-content/uploads/2023/07/1ENEC_CREASP_dia13-159-2048x1365.jpg 2048w, http://aeaaolimpia.com.br/site/wp-content/uploads/2023/07/1ENEC_CREASP_dia13-159-272x182.jpg 272w" alt="" width="300" height="200" /> <img decoding="async" loading="lazy" class="alignnone size-medium wp-image-146" src="http://aeaaolimpia.com.br/site/wp-content/uploads/2023/07/1ENEC_CREASP_dia13-148-300x200.jpg" sizes="(max-width: 300px) 100vw, 300px" srcset="http://aeaaolimpia.com.br/site/wp-content/uploads/2023/07/1ENEC_CREASP_dia13-148-300x200.jpg 300w, http://aeaaolimpia.com.br/site/wp-content/uploads/2023/07/1ENEC_CREASP_dia13-148-1024x683.jpg 1024w, http://aeaaolimpia.com.br/site/wp-content/uploads/2023/07/1ENEC_CREASP_dia13-148-768x512.jpg 768w, http://aeaaolimpia.com.br/site/wp-content/uploads/2023/07/1ENEC_CREASP_dia13-148-1536x1024.jpg 1536w, http://aeaaolimpia.com.br/site/wp-content/uploads/2023/07/1ENEC_CREASP_dia13-148-2048x1365.jpg 2048w, http://aeaaolimpia.com.br/site/wp-content/uploads/2023/07/1ENEC_CREASP_dia13-148-272x182.jpg 272w" alt="" width="300" height="200" /></p>

<p>A Associação dos Engenheiros, Arquitetos e Agrônomos da Região de Olímpia marca presença através do nosso presidente Paulo Henrique Bossi Cover no lançamento do Coworking do Crea-SP que aconteceu durante o 1º Encontro Nacional de Entidades de Classe no ultimo dia 13 de julho.    </p>
