{"id":164,"date":"2023-07-26T08:11:56","date_gmt":"2023-07-26T11:11:56","guid":{"rendered":"http:\/\/aeaaolimpia.com.br\/site\/?post_type=tribe_events&#038;p=164"},"modified":"2023-07-26T08:11:56","modified_gmt":"2023-07-26T11:11:56","slug":"reuniao-unacen-em-barretos","status":"publish","type":"tribe_events","link":"http:\/\/aeaaolimpia.com.br\/site\/event\/reuniao-unacen-em-barretos\/","title":{"rendered":"Reuni\u00e3o UNACEN em Barretos."},"content":{"rendered":"<p><span class=\"xv78j7m\" spellcheck=\"false\">Associa\u00e7\u00e3o dos Engenheiros, Arquitetos e Agr\u00f4nomos da Regi\u00e3o de Ol\u00edmpia<\/span>\u00a0marca presen\u00e7a com o Vice Presidente\u00a0<span class=\"xv78j7m\" spellcheck=\"false\">Edvilson Garcia<\/span> na reuni\u00e3o da UNACEN realizada em Barretos no ultimo s\u00e1bado ( 22\/07\/2023).<\/p>\n<p>&nbsp;<\/p>\n<p><img decoding=\"async\" loading=\"lazy\" class=\"alignnone size-medium wp-image-154\" src=\"http:\/\/aeaaolimpia.com.br\/site\/wp-content\/uploads\/2023\/07\/reuniao-unacen-barretos-1-300x225.jpeg\" sizes=\"(max-width: 300px) 100vw, 300px\" srcset=\"http:\/\/aeaaolimpia.com.br\/site\/wp-content\/uploads\/2023\/07\/reuniao-unacen-barretos-1-300x225.jpeg 300w, http:\/\/aeaaolimpia.com.br\/site\/wp-content\/uploads\/2023\/07\/reuniao-unacen-barretos-1-1024x768.jpeg 1024w, http:\/\/aeaaolimpia.com.br\/site\/wp-content\/uploads\/2023\/07\/reuniao-unacen-barretos-1-768x576.jpeg 768w, http:\/\/aeaaolimpia.com.br\/site\/wp-content\/uploads\/2023\/07\/reuniao-unacen-barretos-1.jpeg 1280w\" alt=\"\" width=\"300\" height=\"225\" \/>\u00a0<img decoding=\"async\" loading=\"lazy\" class=\"alignnone size-medium wp-image-155\" src=\"http:\/\/aeaaolimpia.com.br\/site\/wp-content\/uploads\/2023\/07\/reuniao-unacen-barretos-3-300x169.jpeg\" sizes=\"(max-width: 300px) 100vw, 300px\" srcset=\"http:\/\/aeaaolimpia.com.br\/site\/wp-content\/uploads\/2023\/07\/reuniao-unacen-barretos-3-300x169.jpeg 300w, http:\/\/aeaaolimpia.com.br\/site\/wp-content\/uploads\/2023\/07\/reuniao-unacen-barretos-3-1024x576.jpeg 1024w, http:\/\/aeaaolimpia.com.br\/site\/wp-content\/uploads\/2023\/07\/reuniao-unacen-barretos-3-768x432.jpeg 768w, http:\/\/aeaaolimpia.com.br\/site\/wp-content\/uploads\/2023\/07\/reuniao-unacen-barretos-3.jpeg 1280w\" alt=\"\" width=\"300\" height=\"169\" \/>\u00a0<img decoding=\"async\" loading=\"lazy\" class=\"alignnone size-medium wp-image-156\" src=\"http:\/\/aeaaolimpia.com.br\/site\/wp-content\/uploads\/2023\/07\/reuniao-unacen-barretos-2-300x225.jpeg\" sizes=\"(max-width: 300px) 100vw, 300px\" srcset=\"http:\/\/aeaaolimpia.com.br\/site\/wp-content\/uploads\/2023\/07\/reuniao-unacen-barretos-2-300x225.jpeg 300w, http:\/\/aeaaolimpia.com.br\/site\/wp-content\/uploads\/2023\/07\/reuniao-unacen-barretos-2-1024x768.jpeg 1024w, http:\/\/aeaaolimpia.com.br\/site\/wp-content\/uploads\/2023\/07\/reuniao-unacen-barretos-2-768x576.jpeg 768w, http:\/\/aeaaolimpia.com.br\/site\/wp-content\/uploads\/2023\/07\/reuniao-unacen-barretos-2-1536x1152.jpeg 1536w, http:\/\/aeaaolimpia.com.br\/site\/wp-content\/uploads\/2023\/07\/reuniao-unacen-barretos-2.jpeg 1600w\" alt=\"\" width=\"300\" height=\"225\" \/><\/p>\n","protected":false},"excerpt":{"rendered":"<p>Associa\u00e7\u00e3o dos Engenheiros, Arquitetos e Agr\u00f4nomos da Regi\u00e3o de Ol\u00edmpia\u00a0marca presen\u00e7a com o Vice Presidente\u00a0Edvilson Garcia na reuni\u00e3o da UNACEN realizada em Barretos no ultimo s\u00e1bado ( 22\/07\/2023). &nbsp; \u00a0\u00a0<\/p>\n","protected":false},"author":2,"featured_media":0,"comment_status":"open","ping_status":"closed","template":"","meta":{"_price":"","_stock":"","_tribe_ticket_header":"","_tribe_default_ticket_provider":"","_tribe_ticket_capacity":"0","_ticket_start_date":"","_ticket_end_date":"","_tribe_ticket_show_description":"","_tribe_ticket_show_not_going":false,"_tribe_ticket_use_global_stock":"","_tribe_ticket_global_stock_level":"","_global_stock_mode":"","_global_stock_cap":"","_tribe_rsvp_for_event":"","_tribe_ticket_going_count":"","_tribe_ticket_not_going_count":"","_tribe_tickets_list":[],"_tribe_ticket_has_attendee_info_fields":false,"_tribe_events_status":"","_tribe_events_status_reason":""},"tags":[],"tribe_events_cat":[],"ticketed":false,"_links":{"self":[{"href":"http:\/\/aeaaolimpia.com.br\/site\/wp-json\/wp\/v2\/tribe_events\/164"}],"collection":[{"href":"http:\/\/aeaaolimpia.com.br\/site\/wp-json\/wp\/v2\/tribe_events"}],"about":[{"href":"http:\/\/aeaaolimpia.com.br\/site\/wp-json\/wp\/v2\/types\/tribe_events"}],"author":[{"embeddable":true,"href":"http:\/\/aeaaolimpia.com.br\/site\/wp-json\/wp\/v2\/users\/2"}],"replies":[{"embeddable":true,"href":"http:\/\/aeaaolimpia.com.br\/site\/wp-json\/wp\/v2\/comments?post=164"}],"version-history":[{"count":1,"href":"http:\/\/aeaaolimpia.com.br\/site\/wp-json\/wp\/v2\/tribe_events\/164\/revisions"}],"predecessor-version":[{"id":165,"href":"http:\/\/aeaaolimpia.com.br\/site\/wp-json\/wp\/v2\/tribe_events\/164\/revisions\/165"}],"wp:attachment":[{"href":"http:\/\/aeaaolimpia.com.br\/site\/wp-json\/wp\/v2\/media?parent=164"}],"wp:term":[{"taxonomy":"post_tag","embeddable":true,"href":"http:\/\/aeaaolimpia.com.br\/site\/wp-json\/wp\/v2\/tags?post=164"},{"taxonomy":"tribe_events_cat","embeddable":true,"href":"http:\/\/aeaaolimpia.com.br\/site\/wp-json\/wp\/v2\/tribe_events_cat?post=164"}],"curies":[{"name":"wp","href":"https:\/\/api.w.org\/{rel}","templated":true}]}}

Reunião UNACEN em Barretos.

<p><span class="xv78j7m" spellcheck="false">Associação dos Engenheiros, Arquitetos e Agrônomos da Região de Olímpia</span> marca presença com o Vice Presidente <span class="xv78j7m" spellcheck="false">Edvilson Garcia</span> na reunião da UNACEN realizada em Barretos no ultimo sábado ( 22/07/2023).</p>
<p>&nbsp;</p>
<p><img decoding="async" loading="lazy" class="alignnone size-medium wp-image-154" src="http://aeaaolimpia.com.br/site/wp-content/uploads/2023/07/reuniao-unacen-barretos-1-300x225.jpeg" sizes="(max-width: 300px) 100vw, 300px" srcset="http://aeaaolimpia.com.br/site/wp-content/uploads/2023/07/reuniao-unacen-barretos-1-300x225.jpeg 300w, http://aeaaolimpia.com.br/site/wp-content/uploads/2023/07/reuniao-unacen-barretos-1-1024x768.jpeg 1024w, http://aeaaolimpia.com.br/site/wp-content/uploads/2023/07/reuniao-unacen-barretos-1-768x576.jpeg 768w, http://aeaaolimpia.com.br/site/wp-content/uploads/2023/07/reuniao-unacen-barretos-1.jpeg 1280w" alt="" width="300" height="225" /> <img decoding="async" loading="lazy" class="alignnone size-medium wp-image-155" src="http://aeaaolimpia.com.br/site/wp-content/uploads/2023/07/reuniao-unacen-barretos-3-300x169.jpeg" sizes="(max-width: 300px) 100vw, 300px" srcset="http://aeaaolimpia.com.br/site/wp-content/uploads/2023/07/reuniao-unacen-barretos-3-300x169.jpeg 300w, http://aeaaolimpia.com.br/site/wp-content/uploads/2023/07/reuniao-unacen-barretos-3-1024x576.jpeg 1024w, http://aeaaolimpia.com.br/site/wp-content/uploads/2023/07/reuniao-unacen-barretos-3-768x432.jpeg 768w, http://aeaaolimpia.com.br/site/wp-content/uploads/2023/07/reuniao-unacen-barretos-3.jpeg 1280w" alt="" width="300" height="169" /> <img decoding="async" loading="lazy" class="alignnone size-medium wp-image-156" src="http://aeaaolimpia.com.br/site/wp-content/uploads/2023/07/reuniao-unacen-barretos-2-300x225.jpeg" sizes="(max-width: 300px) 100vw, 300px" srcset="http://aeaaolimpia.com.br/site/wp-content/uploads/2023/07/reuniao-unacen-barretos-2-300x225.jpeg 300w, http://aeaaolimpia.com.br/site/wp-content/uploads/2023/07/reuniao-unacen-barretos-2-1024x768.jpeg 1024w, http://aeaaolimpia.com.br/site/wp-content/uploads/2023/07/reuniao-unacen-barretos-2-768x576.jpeg 768w, http://aeaaolimpia.com.br/site/wp-content/uploads/2023/07/reuniao-unacen-barretos-2-1536x1152.jpeg 1536w, http://aeaaolimpia.com.br/site/wp-content/uploads/2023/07/reuniao-unacen-barretos-2.jpeg 1600w" alt="" width="300" height="225" /></p>

<p>Associação dos Engenheiros, Arquitetos e Agrônomos da Região de Olímpia marca presença com o Vice Presidente Edvilson Garcia na reunião da UNACEN realizada em Barretos no ultimo sábado ( 22/07/2023). &nbsp;   </p>
